{"id":192,"date":"2023-06-19T17:00:32","date_gmt":"2023-06-19T17:00:32","guid":{"rendered":"https:\/\/defi11majs.preprod-silgo.com\/?page_id=192"},"modified":"2026-03-27T16:30:22","modified_gmt":"2026-03-27T14:30:22","slug":"charity-2","status":"publish","type":"page","link":"https:\/\/defi11.fr\/?page_id=192","title":{"rendered":"\u00c0 propos"},"content":{"rendered":"\t\t<div data-elementor-type=\"wp-page\" data-elementor-id=\"192\" class=\"elementor elementor-192\">\n\t\t\t\t\t\t<section class=\"elementor-section elementor-top-section elementor-element elementor-element-8b3cb54 elementor-section-boxed elementor-section-height-default elementor-section-height-default\" data-id=\"8b3cb54\" data-element_type=\"section\" data-e-type=\"section\">\n\t\t\t\t\t\t<div class=\"elementor-container elementor-column-gap-default\">\n\t\t\t\t\t<div class=\"elementor-column elementor-col-100 elementor-top-column elementor-element elementor-element-b5d75ec\" data-id=\"b5d75ec\" data-element_type=\"column\" data-e-type=\"column\">\n\t\t\t<div class=\"elementor-widget-wrap elementor-element-populated\">\n\t\t\t\t\t\t<div class=\"elementor-element elementor-element-7df16d66 elementor-widget__width-initial  ui-split-animate ui-e-a-animate ui-splitby-chars elementor-widget elementor-widget-highlighted-text\" data-id=\"7df16d66\" data-element_type=\"widget\" data-e-type=\"widget\" data-settings=\"{&quot;ui_animate_split&quot;:&quot;ui-split-animate&quot;,&quot;ui_animate_split_by&quot;:&quot;chars&quot;,&quot;ui_animate_split_style&quot;:&quot;fadeInUp&quot;}\" data-widget_type=\"highlighted-text.default\">\n\t\t\t\t<div class=\"elementor-widget-container\">\n\t\t\t\t\t\t\t<h1 class=\"ui-e--highlighted-text\" >\n        <span class=\"ui-e-headline-text\">L'association <\/span><span class=\"whitespace\"> <\/span><span class=\"ui-e-headline-text ui-e-headline-stroke1\">\n\t\t\t\t\t\t\t<span class=\"ui-e-headline-text ui-e-headline-highlighted\">D\u00e9fi 11<\/span><span class=\"uicore-svg-wrapper\"><svg xmlns=\"http:\/\/www.w3.org\/2000\/svg\" viewBox=\"0 0 500 150\" preserveAspectRatio=\"none\"><path d='M15.2,133.3L15.2,133.3c121.9-7.6,244-9.9,366.1-6.8c34.6,0.9,69.1,2.3,103.7,4'\/><\/svg><\/span><\/span><span class=\"whitespace\"> <\/span>        <\/h1>\n        \t\t\t\t<\/div>\n\t\t\t\t<\/div>\n\t\t\t\t<div class=\"elementor-element elementor-element-70bc2aa0 elementor-widget__width-inherit bdt-icon-type-icon elementor-position-top bdt-icon-effect-none elementor-invisible elementor-widget elementor-widget-bdt-advanced-icon-box\" data-id=\"70bc2aa0\" data-element_type=\"widget\" data-e-type=\"widget\" data-settings=\"{&quot;_animation&quot;:&quot;fadeIn&quot;}\" data-widget_type=\"bdt-advanced-icon-box.default\">\n\t\t\t\t<div class=\"elementor-widget-container\">\n\t\t\t\t\t\t\t<div class=\"bdt-ep-advanced-icon-box\">\n\n\t\t\t\t\t\t\t\n\t\t\t\n\t\t\t\t\t\n\t\t\t<div class=\"bdt-ep-advanced-icon-box-content\">\n\n\t\t\t\t\t\t\t\t\t\n\t\t\t\t<p class=\"bdt-ep-advanced-icon-box-title\">\n\t\t\t\t<span >\n\t\t\t\t\tL\u2019association D\u00e9fi 11 est une association qui intervient dans le champ du handicap et de l\u2019emploi, pour faciliter l\u2019insertion des personnes en situation de handicap et leur maintien en emploi. \t\t\t\t<\/span>\n\t\t\t<\/p>\n\t\t\n\n\t\t\n\t\t\t\t\t\t\n\t\t\t\t\n\t\t\t\t\n\t\t\t\t\t\t\t<\/div>\n\t\t<\/div>\n\n\t\t\n\t\t\n\t\t\t\t\t\t<\/div>\n\t\t\t\t<\/div>\n\t\t\t\t<section class=\"elementor-section elementor-inner-section elementor-element elementor-element-620e374 elementor-section-boxed elementor-section-height-default elementor-section-height-default\" data-id=\"620e374\" data-element_type=\"section\" data-e-type=\"section\">\n\t\t\t\t\t\t<div class=\"elementor-container elementor-column-gap-no\">\n\t\t\t\t\t<div class=\"elementor-column elementor-col-50 elementor-inner-column elementor-element elementor-element-1856b8c\" data-id=\"1856b8c\" data-element_type=\"column\" data-e-type=\"column\" data-settings=\"{&quot;background_background&quot;:&quot;classic&quot;}\">\n\t\t\t<div class=\"elementor-widget-wrap elementor-element-populated\">\n\t\t\t\t\t\t<div class=\"elementor-element elementor-element-2e4d35ee elementor-widget__width-initial elementor-hidden-mobile elementor-invisible elementor-widget elementor-widget-image\" data-id=\"2e4d35ee\" data-element_type=\"widget\" data-e-type=\"widget\" data-settings=\"{&quot;_animation&quot;:&quot;fadeInDown&quot;}\" data-widget_type=\"image.default\">\n\t\t\t\t<div class=\"elementor-widget-container\">\n\t\t\t\t\t\t\t\t\t\t\t\t\t\t\t<img decoding=\"async\" src=\"https:\/\/defi11.fr\/wp-content\/uploads\/elementor\/thumbs\/TRAVAILLEUR-HANDICAPE-magnet-me-hZWK1jcYy8g-unsplash-scaled-q8kjjd785i7b6ouc2p3lltptl81rf5ntvidlhxov9g.jpg\" title=\"TRAVAILLEUR HANDICAPE magnet-me-hZWK1jcYy8g-unsplash\" alt=\"TRAVAILLEUR HANDICAPE magnet-me-hZWK1jcYy8g-unsplash\" loading=\"lazy\" \/>\t\t\t\t\t\t\t\t\t\t\t\t\t\t\t<\/div>\n\t\t\t\t<\/div>\n\t\t\t\t<div class=\"elementor-element elementor-element-79b2ca5a elementor-hidden-mobile elementor-invisible elementor-widget elementor-widget-image\" data-id=\"79b2ca5a\" data-element_type=\"widget\" data-e-type=\"widget\" data-settings=\"{&quot;_animation&quot;:&quot;fadeInUp&quot;}\" data-widget_type=\"image.default\">\n\t\t\t\t<div class=\"elementor-widget-container\">\n\t\t\t\t\t\t\t\t\t\t\t\t\t\t\t<img fetchpriority=\"high\" decoding=\"async\" width=\"2560\" height=\"1707\" src=\"https:\/\/defi11.fr\/wp-content\/uploads\/2023\/06\/jason-goodman-vbxyFxlgpjM-unsplash-scaled.jpg\" class=\"attachment-full size-full wp-image-1800\" alt=\"\" srcset=\"https:\/\/defi11.fr\/wp-content\/uploads\/2023\/06\/jason-goodman-vbxyFxlgpjM-unsplash-scaled.jpg 2560w, https:\/\/defi11.fr\/wp-content\/uploads\/2023\/06\/jason-goodman-vbxyFxlgpjM-unsplash-300x200.jpg 300w, https:\/\/defi11.fr\/wp-content\/uploads\/2023\/06\/jason-goodman-vbxyFxlgpjM-unsplash-1024x683.jpg 1024w, https:\/\/defi11.fr\/wp-content\/uploads\/2023\/06\/jason-goodman-vbxyFxlgpjM-unsplash-768x512.jpg 768w, https:\/\/defi11.fr\/wp-content\/uploads\/2023\/06\/jason-goodman-vbxyFxlgpjM-unsplash-1536x1024.jpg 1536w, https:\/\/defi11.fr\/wp-content\/uploads\/2023\/06\/jason-goodman-vbxyFxlgpjM-unsplash-2048x1365.jpg 2048w, https:\/\/defi11.fr\/wp-content\/uploads\/2023\/06\/jason-goodman-vbxyFxlgpjM-unsplash-650x433.jpg 650w\" sizes=\"(max-width: 2560px) 100vw, 2560px\" \/>\t\t\t\t\t\t\t\t\t\t\t\t\t\t\t<\/div>\n\t\t\t\t<\/div>\n\t\t\t\t\t<\/div>\n\t\t<\/div>\n\t\t\t\t<div class=\"elementor-column elementor-col-50 elementor-inner-column elementor-element elementor-element-7d853f9\" data-id=\"7d853f9\" data-element_type=\"column\" data-e-type=\"column\">\n\t\t\t<div class=\"elementor-widget-wrap elementor-element-populated\">\n\t\t\t\t\t\t<div class=\"elementor-element elementor-element-6c8e4882 elementor-widget__width-initial elementor-widget elementor-widget-text-editor\" data-id=\"6c8e4882\" data-element_type=\"widget\" data-e-type=\"widget\" data-widget_type=\"text-editor.default\">\n\t\t\t\t<div class=\"elementor-widget-container\">\n\t\t\t\t\t\t\t\t\t<p>Nous assurons un accompagnement personnalis\u00e9 aux personnes en situation de handicap qui rencontrent des difficult\u00e9s en lien avec l\u2019emploi. Nous les accompagnons pour qu&rsquo;ils puissent retrouver un emploi en milieu ordinaire de travail ou pour les maintenir en emploi. Nous accompagnons \u00e9galement les salari\u00e9s dans un projet de reconversion. Nous intervenons \u00e0 diff\u00e9rents moments du parcours de la personne, par le biais de plusieurs dispositifs adapt\u00e9s \u00e0 chaque situation et \u00e9tape du parcours.<\/p><p>L\u2019association a \u00e9galement pour but de conseiller et accompagner les entreprises dans leurs projets de recrutement, de sensibilisation ou formation de leurs \u00e9quipes et \u00e9galement pour le maintien en emploi de leurs salari\u00e9s ou d\u2019eux-m\u00eames.<\/p><p>Vous trouverez ci-dessous l\u2019organigramme de l\u2019association, qui permet de mieux comprendre nos diff\u00e9rents services.<\/p>\t\t\t\t\t\t\t\t<\/div>\n\t\t\t\t<\/div>\n\t\t\t\t\t<\/div>\n\t\t<\/div>\n\t\t\t\t\t<\/div>\n\t\t<\/section>\n\t\t\t\t<div class=\"elementor-element elementor-element-3ed05ae6 elementor-widget__width-auto elementor-absolute elementor-widget elementor-widget-image\" data-id=\"3ed05ae6\" data-element_type=\"widget\" data-e-type=\"widget\" data-settings=\"{&quot;_position&quot;:&quot;absolute&quot;}\" data-widget_type=\"image.default\">\n\t\t\t\t<div class=\"elementor-widget-container\">\n\t\t\t\t\t\t\t\t\t\t\t\t\t\t\t<img decoding=\"async\" width=\"261\" height=\"295\" src=\"https:\/\/defi11.fr\/wp-content\/uploads\/2023\/03\/Marketing-Agency-Ornament-7.webp\" class=\"attachment-full size-full wp-image-199\" alt=\"\" \/>\t\t\t\t\t\t\t\t\t\t\t\t\t\t\t<\/div>\n\t\t\t\t<\/div>\n\t\t\t\t\t<\/div>\n\t\t<\/div>\n\t\t\t\t\t<\/div>\n\t\t<\/section>\n\t\t\t\t<section class=\"elementor-section elementor-top-section elementor-element elementor-element-6b9b4f7c elementor-section-boxed elementor-section-height-default elementor-section-height-default\" data-id=\"6b9b4f7c\" data-element_type=\"section\" data-e-type=\"section\">\n\t\t\t\t\t\t<div class=\"elementor-container elementor-column-gap-default\">\n\t\t\t\t\t<div class=\"elementor-column elementor-col-100 elementor-top-column elementor-element elementor-element-4cb9aa97 elementor-invisible\" data-id=\"4cb9aa97\" data-element_type=\"column\" data-e-type=\"column\" data-settings=\"{&quot;animation&quot;:&quot;fadeInUp&quot;}\">\n\t\t\t<div class=\"elementor-widget-wrap elementor-element-populated\">\n\t\t\t\t\t\t<div class=\"elementor-element elementor-element-390bce3b elementor-widget__width-auto elementor-absolute elementor-widget elementor-widget-image\" data-id=\"390bce3b\" data-element_type=\"widget\" data-e-type=\"widget\" data-settings=\"{&quot;_position&quot;:&quot;absolute&quot;}\" data-widget_type=\"image.default\">\n\t\t\t\t<div class=\"elementor-widget-container\">\n\t\t\t\t\t\t\t\t\t\t\t\t\t\t\t<img decoding=\"async\" width=\"357\" height=\"297\" src=\"https:\/\/defi11.fr\/wp-content\/uploads\/2023\/03\/Marketing-Agency-Ornament-6.webp\" class=\"attachment-full size-full wp-image-200\" alt=\"\" srcset=\"https:\/\/defi11.fr\/wp-content\/uploads\/2023\/03\/Marketing-Agency-Ornament-6.webp 357w, https:\/\/defi11.fr\/wp-content\/uploads\/2023\/03\/Marketing-Agency-Ornament-6-300x250.webp 300w\" sizes=\"(max-width: 357px) 100vw, 357px\" \/>\t\t\t\t\t\t\t\t\t\t\t\t\t\t\t<\/div>\n\t\t\t\t<\/div>\n\t\t\t\t\t<\/div>\n\t\t<\/div>\n\t\t\t\t\t<\/div>\n\t\t<\/section>\n\t\t\t\t<section class=\"elementor-section elementor-top-section elementor-element elementor-element-d9b697d elementor-section-boxed elementor-section-height-default elementor-section-height-default\" data-id=\"d9b697d\" data-element_type=\"section\" data-e-type=\"section\">\n\t\t\t\t\t\t<div class=\"elementor-container elementor-column-gap-default\">\n\t\t\t\t\t<div class=\"elementor-column elementor-col-100 elementor-top-column elementor-element elementor-element-a212149\" data-id=\"a212149\" data-element_type=\"column\" data-e-type=\"column\">\n\t\t\t<div class=\"elementor-widget-wrap elementor-element-populated\">\n\t\t\t\t\t\t<div class=\"elementor-element elementor-element-97c136b elementor-widget elementor-widget-image\" data-id=\"97c136b\" data-element_type=\"widget\" data-e-type=\"widget\" data-widget_type=\"image.default\">\n\t\t\t\t<div class=\"elementor-widget-container\">\n\t\t\t\t\t\t\t\t\t\t\t\t\t\t\t<img loading=\"lazy\" decoding=\"async\" width=\"1000\" height=\"774\" src=\"https:\/\/defi11.fr\/wp-content\/uploads\/2026\/03\/Design-sans-titre-1024x793.png\" class=\"attachment-large size-large wp-image-3095\" alt=\"\" srcset=\"https:\/\/defi11.fr\/wp-content\/uploads\/2026\/03\/Design-sans-titre-1024x793.png 1024w, https:\/\/defi11.fr\/wp-content\/uploads\/2026\/03\/Design-sans-titre-300x232.png 300w, https:\/\/defi11.fr\/wp-content\/uploads\/2026\/03\/Design-sans-titre-768x595.png 768w, https:\/\/defi11.fr\/wp-content\/uploads\/2026\/03\/Design-sans-titre-650x503.png 650w, https:\/\/defi11.fr\/wp-content\/uploads\/2026\/03\/Design-sans-titre.png 1536w\" sizes=\"(max-width: 1000px) 100vw, 1000px\" \/>\t\t\t\t\t\t\t\t\t\t\t\t\t\t\t<\/div>\n\t\t\t\t<\/div>\n\t\t\t\t\t<\/div>\n\t\t<\/div>\n\t\t\t\t\t<\/div>\n\t\t<\/section>\n\t\t\t\t<\/div>\n\t\t","protected":false},"excerpt":{"rendered":"<p>L&rsquo;association D\u00e9fi 11 L\u2019association D\u00e9fi 11 est une association qui intervient dans le champ du handicap et de l\u2019emploi, pour faciliter l\u2019insertion [&hellip;]<\/p>\n","protected":false},"author":1,"featured_media":717,"parent":0,"menu_order":0,"comment_status":"closed","ping_status":"closed","template":"","meta":{"footnotes":""},"class_list":["post-192","page","type-page","status-publish","has-post-thumbnail","hentry"],"_links":{"self":[{"href":"https:\/\/defi11.fr\/index.php?rest_route=\/wp\/v2\/pages\/192","targetHints":{"allow":["GET"]}}],"collection":[{"href":"https:\/\/defi11.fr\/index.php?rest_route=\/wp\/v2\/pages"}],"about":[{"href":"https:\/\/defi11.fr\/index.php?rest_route=\/wp\/v2\/types\/page"}],"author":[{"embeddable":true,"href":"https:\/\/defi11.fr\/index.php?rest_route=\/wp\/v2\/users\/1"}],"replies":[{"embeddable":true,"href":"https:\/\/defi11.fr\/index.php?rest_route=%2Fwp%2Fv2%2Fcomments&post=192"}],"version-history":[{"count":87,"href":"https:\/\/defi11.fr\/index.php?rest_route=\/wp\/v2\/pages\/192\/revisions"}],"predecessor-version":[{"id":3098,"href":"https:\/\/defi11.fr\/index.php?rest_route=\/wp\/v2\/pages\/192\/revisions\/3098"}],"wp:featuredmedia":[{"embeddable":true,"href":"https:\/\/defi11.fr\/index.php?rest_route=\/wp\/v2\/media\/717"}],"wp:attachment":[{"href":"https:\/\/defi11.fr\/index.php?rest_route=%2Fwp%2Fv2%2Fmedia&parent=192"}],"curies":[{"name":"wp","href":"https:\/\/api.w.org\/{rel}","templated":true}]}}